{"id":41,"date":"2024-03-22T12:10:35","date_gmt":"2024-03-22T17:10:35","guid":{"rendered":"https:\/\/ips-unidadmedica.com\/?page_id=41"},"modified":"2024-03-26T12:10:23","modified_gmt":"2024-03-26T17:10:23","slug":"covid-19","status":"publish","type":"page","link":"https:\/\/ips-unidadmedica.com\/index.php\/covid-19\/","title":{"rendered":"Covid 19"},"content":{"rendered":"<div class=\"wpb-content-wrapper\"><p>[vc_row][vc_column][vc_single_image image=&#8221;108&#8243; img_size=&#8221;large&#8221; alignment=&#8221;center&#8221;][\/vc_column][vc_column][vc_column_text]<\/p>\n<p style=\"text-align: justify; font-size: 14pt;\">Los coronavirus son una extensa familia de virus que pueden causar enfermedades tanto en animales como en humanos. En los humanos, se sabe que varios coronavirus causan infecciones respiratorias que pueden ir desde el resfriado com\u00fan hasta enfermedades m\u00e1s graves como el s\u00edndrome respiratorio de Oriente Medio (MERS) y el s\u00edndrome respiratorio agudo severo (SRAS). El coronavirus que se ha descubierto m\u00e1s recientemente causa la enfermedad por coronavirus COVID-19.<\/p>\n<h4> \u00bfQu\u00e9 es la COVID 19? <\/h4>\n<p style=\"text-align: justify; font-size: 14pt;\">\nLa COVID 19 es la enfermedad infecciosa causada por el coronavirus que se ha descubierto m\u00e1s recientemente. Tanto este nuevo virus como la enfermedad que provoca eran desconocidos antes de que estallara el brote en Wuhan (China) en diciembre de 2019. Actualmente la COVID 19 es una pandemia que afecta a muchos pa\u00edses de todo el mundo.\n<\/p>\n<h4> \u00bfCu\u00e1les son los s\u00edntomas de la COVID-19? <\/h4>\n<p style=\"text-align: justify; font-size: 14pt;\">\nLos s\u00edntomas m\u00e1s habituales de la COVID-19 son la fiebre, la tos seca y el cansancio. Otros s\u00edntomas menos frecuentes que afectan a algunos pacientes son los dolores y molestias, la congesti\u00f3n nasal, el dolor de cabeza, la conjuntivitis, el dolor de garganta, la diarrea, la p\u00e9rdida del gusto o el olfato y las erupciones cut\u00e1neas o cambios de color en los dedos de las manos o los pies. Estos s\u00edntomas suelen ser leves y comienzan gradualmente. Algunas de las personas infectadas solo presentan s\u00edntomas lev\u00edsimos.<br \/>\nLa mayor\u00eda de las personas (alrededor del 80%) se recuperan de la enfermedad sin necesidad de tratamiento hospitalario. Alrededor de 1 de cada 5 personas que contraen la COVID 19 acaba presentando un cuadro grave y experimenta dificultades para respirar. Las personas mayores y las que padecen afecciones m\u00e9dicas previas como hipertensi\u00f3n arterial, problemas cardiacos o pulmonares, diabetes o c\u00e1ncer tienen m\u00e1s probabilidades de presentar cuadros graves. Sin embargo, cualquier persona puede contraer la COVID 19 y caer gravemente enferma. Las personas de cualquier edad que tengan fiebre o tos y adem\u00e1s respiren con dificultad, sientan dolor u opresi\u00f3n en el pecho o tengan dificultades para hablar o moverse deben solicitar atenci\u00f3n m\u00e9dica inmediatamente. Si es posible, se recomienda llamar primero al profesional sanitario o centro m\u00e9dico para que estos remitan al paciente al establecimiento sanitario adecuado. <\/p>\n<p>[\/vc_column_text][\/vc_column][\/vc_row]<\/p>\n<\/div>","protected":false},"excerpt":{"rendered":"<p>[vc_row][vc_column][vc_single_image image=&#8221;108&#8243; img_size=&#8221;large&#8221; alignment=&#8221;center&#8221;][\/vc_column][vc_column][vc_column_text] Los coronavirus son una extensa familia de virus que pueden causar enfermedades tanto en animales como en humanos. En los humanos, se sabe que varios coronavirus causan infecciones respiratorias que pueden ir desde el resfriado com\u00fan hasta enfermedades m\u00e1s graves como el s\u00edndrome respiratorio de Oriente Medio (MERS) y el s\u00edndrome respiratorio agudo severo (SRAS). El&#8230;<\/p>\n","protected":false},"author":1,"featured_media":0,"parent":0,"menu_order":0,"comment_status":"closed","ping_status":"closed","template":"","meta":{"footnotes":""},"class_list":["post-41","page","type-page","status-publish","hentry"],"_links":{"self":[{"href":"https:\/\/ips-unidadmedica.com\/index.php\/wp-json\/wp\/v2\/pages\/41","targetHints":{"allow":["GET"]}}],"collection":[{"href":"https:\/\/ips-unidadmedica.com\/index.php\/wp-json\/wp\/v2\/pages"}],"about":[{"href":"https:\/\/ips-unidadmedica.com\/index.php\/wp-json\/wp\/v2\/types\/page"}],"author":[{"embeddable":true,"href":"https:\/\/ips-unidadmedica.com\/index.php\/wp-json\/wp\/v2\/users\/1"}],"replies":[{"embeddable":true,"href":"https:\/\/ips-unidadmedica.com\/index.php\/wp-json\/wp\/v2\/comments?post=41"}],"version-history":[{"count":2,"href":"https:\/\/ips-unidadmedica.com\/index.php\/wp-json\/wp\/v2\/pages\/41\/revisions"}],"predecessor-version":[{"id":109,"href":"https:\/\/ips-unidadmedica.com\/index.php\/wp-json\/wp\/v2\/pages\/41\/revisions\/109"}],"wp:attachment":[{"href":"https:\/\/ips-unidadmedica.com\/index.php\/wp-json\/wp\/v2\/media?parent=41"}],"curies":[{"name":"wp","href":"https:\/\/api.w.org\/{rel}","templated":true}]}}